 of k?
3
Suppose -18*f + 15*f + 2763 = 0. What is the units digit of f?
1
Let o be ((-28)/4)/(-1) + (-1 - 0). Suppose 0*p + 14 = 2*p - l, 2*p + 4*l = -o. What is the units digit of p?
5
Suppose n - 260 - 312 = -g, 5*n - 25 = 0. What is the units digit of g?
7
Let k be 30/((-6)/(-3) + 0). Suppose 4*i - k = -7. Suppose -3*l = 3*v - l - 27, 2*l + 8 = i*v. What is the units digit of v?
7
Suppose 0 = -2*z - 3*t + 1565, -282 - 2067 = -3*z - 3*t. What is the units digit of z?
4
Let l(b) = b**3 + 8*b**2 - 2*b + 5. Suppose 0 = i - 3*i + 24. Let o be 470/(-60) - 2/i. What is the tens digit of l(o)?
2
Suppose -3 - 3 = 3*q. Let l be q/(-10) - 3/15. Suppose l = 4*a + 6 - 134. What is the units digit of a?
2
Let m(j) = 144*j**2 + 5*j + 2. Let b be m(-2). Let k = -406 + b. What is the hundreds digit of k?
1
Let w be 40/(-8) - (-1 + -1). Let z(k) = 15*k - 10. Let y(b) = 45*b - 29. Let r(x) = -6*y(x) + 17*z(x). What is the units digit of r(w)?
9
Let y(h) be the third derivative of 7*h**4/24 - 5*h**3/3 + 10*h**2. What is the tens digit of y(14)?
8
Let a be -6 - -8*2/4. Let m be 38/4 - 3/a. Let r = -8 + m. What is the units digit of r?
3
Suppose 2*z = 4*m - 3*m + 10, 3*z + 2*m - 15 = 0. Suppose 0 = z*o - 347 + 62. What is the tens digit of o?
5
Let n(s) = 2*s**2 + 6*s + 3. Let m be n(-3). What is the units digit of -1 + m + -5 + 38?
5
Let x(i) = i**2 + 3*i - 7. Let s be x(-5). Suppose 0 = -s*j + 2*j - 4*r - 11, -5*r - 61 = -4*j. Suppose j*l - 8*l = 1. What is the units digit of l?
1
Suppose w + 8 = 7. Let j be 50 - 2*w/(-2). What is the units digit of j - 0 - (-44)/11?
3
Suppose -67*r = -61*r - 22146. What is the units digit of r?
1
Let d be (-2 - -3) + 3 + 6 + 73. Let t = d - -128. What is the hundreds digit of t?
2
Suppose -24 = 5*z - z. Let k(a) = 3*a**2 + 5*a - 9. Let u(t) = -3*t**2 - 4*t + 8. Let j(h) = z*k(h) - 7*u(h). What is the tens digit of j(3)?
1
Let z = 127 - 75. Suppose z*c - 49*c = 51. What is the units digit of c?
7
Let z(g) = -2 + 8*g + 3 - 3*g + 0. Let p = 0 + 5. What is the units digit of z(p)?
6
Let a(v) = -310*v - 1305. What is the units digit of a(-12)?
5
Suppose 3*k - 1031 = 616. What is the units digit of k?
9
Let v(l) = 115*l**2 + 14*l + 40. What is the tens digit of v(-5)?
4
Let d(h) = -h**3 - 14*h**2 - 7*h - 35. What is the units digit of d(-14)?
3
Suppose -40*y + 120 = -38*y + 4*m, -5*m = 4*y - 228. What is the tens digit of y?
5
Let s(m) = 289*m**2 + 37*m - 36. What is the hundreds digit of s(1)?
2
Let m = 28 + -27. What is the tens digit of -1*(5 - m) - -40?
3
Let p(d) = -d. Let g(w) = 6*w - 2. Let j(m) = -m**2 + 8*m - 5. Let u be j(7). Let t(y) = u*g(y) + 10*p(y). What is the units digit of t(4)?
4
Let f be 912/(-7) - (-10)/35. Let h = 409 + f. What is the tens digit of h?
7
What is the hundreds digit of 64340/65 - 14/(-91)?
9
Let r = 335 - 342. Let s = -21 - -33. Let x = s - r. What is the tens digit of x?
1
What is the units digit of 9315/10 - (-5)/10?
2
What is the tens digit of (30/35*-3)/((-12)/448)?
9
Suppose 59*p - 7596 = 53*p. What is the tens digit of p?
6
Let b(y) = 6*y**2 + 7*y + 30. Let k(z) = 2*z**2 + 2*z + 10. Let s(m) = 3*b(m) - 8*k(m). What is the units digit of s(-3)?
3
Suppose -28*b = -52*b + 59184. What is the hundreds digit of b?
4
Let o = -3384 + 5118. What is the tens digit of o?
3
What is the units digit of 1845/3 - (2 + -6 + 3)?
6
Let n(x) = -18 + 3*x**3 - 2*x**2 - 5*x**2 - 2*x - 8*x**3 + 4*x**3. What is the units digit of n(-8)?
2
Suppose -3*m = -10*w + 5*w + 19, -10 = -2*w + 2*m. Suppose -5*j = w*l, -j + 4*l = l. Suppose 9 = -3*t, -2*q + 2*t - 7*t + 35 = j. What is the tens digit of q?
2
Suppose 2*v + 537 = -a + 4340, -4*v = -3*a - 7591. What is the tens digit of v?
0
Let f = -1 - 1. Let i(z) be the second derivative of -2*z**3 + z**2/2 + 5*z. What is the units digit of i(f)?
5
Suppose -3*x + 23*x - 28620 = 0. What is the tens digit of x?
3
What is the units digit of (-334)/(-8)*(5 + 3 + -4)?
7
Let u(c) = -2*c**2 + c**2 + 6*c - 13 + 0*c**2 + 2*c**2. What is the tens digit of u(-11)?
4
Suppose 17*o = 19*o - 16. Let w(d) = -d**3 + 11*d**2 - 6*d + 17. What is the units digit of w(o)?
1
Let a = 378 - 358. What is the units digit of a?
0
Suppose -4*n - 532 = -5*z, -326 - 100 = -4*z + 3*n. Suppose -x + 2*l = -z, 3*l = -5*x - 137 + 612. What is the units digit of x?
8
What is the tens digit of (-10)/15*(-4 - 785)?
2
Let l = -3 - -5. Suppose l*g = -4*z + 90, 3*g - 8 = 2*z - 49. Let n = 36 - z. What is the tens digit of n?
1
Let q = 4898 + -2590. What is the hundreds digit of q?
3
Let v = -86 - -92. What is the tens digit of 10/v*9/5 + 111?
1
Let x(p) = p**3 - 51*p**2 - 392*p - 49. What is the hundreds digit of x(58)?
7
Let i(w) = 75*w**2 - 11*w - 22. What is the units digit of i(-2)?
0
Let l(t) = 6*t**2 - 7*t + 2. Let g be l(-3). Let x = 223 - g. What is the tens digit of x?
4
Suppose 2*h + c = -0*c - 4, 0 = 3*c. What is the tens digit of (-3)/(-6)*(h - -144)?
7
Suppose 7*x - 3 = 2*u + 4*x, 0 = 5*u + 4*x - 27. Let o(r) = r**3 + 9*r**2 - 13*r - 3. Let c be o(-10). Suppose -33 - c = -u*z. What is the tens digit of z?
2
Let r(u) = -7*u + 7. Let j be r(1). Suppose 4*d + j*d - 3*m = 364, -m = 4. What is the tens digit of d?
8
Let f be (2 - -1) + -1 - (-57 - -1). What is the units digit of (-4 - f/10)*-5?
9
Let w be (-3 + 4)*(-2)/(-1). Suppose -3*n + 32 = 5*d, 3*d = -4*n + w*n + 19. Suppose 3*r - 2*v = -v + 86, -r = 4*v - d. What is the units digit of r?
7
Let p(g) = -11*g + 14. Let s be p(7). Let o = -17 - s. What is the units digit of o?
6
Let g = 0 + -18. Let m(j) = -j**3 - 17*j**2 + 14*j + 23. Let a be m(g). Let c = 138 - a. What is the tens digit of c?
4
Suppose 3*l - 10 = 2*b - 3*b, 0 = 5*l - 2*b - 35. Suppose -2*o - 3*g + 323 = 0, -300 + 979 = 4*o - l*g. What is the tens digit of o?
6
Let u = 76 + -68. Let r = 46 + u. What is the units digit of r?
4
Let i = -14 - -18. Let u be -1*-3*i/4. Suppose 4*d - 73 = d + 4*v, -u*d + 89 = 4*v. What is the tens digit of d?
2
Let p(l) = l**3 + 9*l**2 - 12*l - 16. Let m be p(-10). Suppose m*w - 150 = 90. What is the tens digit of w?
6
Suppose 0*s + 2 = s. Suppose -s*o - 48 = -6*o. Suppose -96 = -4*p - o. What is the tens digit of p?
2
What is the units digit of 335/(-3)*(-9 - -3)?
0
Let d(x) be the third derivative of x**4/12 - 2*x**3/3 - 5*x**2. Let u be d(9). What is the tens digit of 214/u - (-4)/(-14)?
1
Let u be (4 - 4) + 7 + -1. Suppose 0 = j + 2*j - u. Suppose x - 13 = j. What is the tens digit of x?
1
Let a = 372 + -241. What is the units digit of a?
1
Let t(s) be the first derivative of -s**4/4 + 17*s**3/3 - 15*s**2/2 + 30*s - 23. What is the tens digit of t(16)?
4
Suppose 0 = -5*m + 3*b + 5370, -3*b - 3009 = -4*m + 1290. What is the units digit of m?
1
Suppose 5*f - 3*k = 11, -5*k = 2*f + 5 - 28. Suppose -5*j + 4*j = -f*c + 3, j + 3 = c. Suppose 3*w + w - 100 = c. What is the units digit of w?
5
Suppose 4*h = -5*b + 4925, 4*b - 221 = -h + 1024. What is the hundreds digit of h?
2
Let s(j) = -6*j - 9. Suppose -5*t - 87 = 4*q, t - q + 10 + 2 = 0. Let n = 11 + t. What is the units digit of s(n)?
5
Suppose -2*h = 5*v - 270 - 711, -4*v - 5*h + 795 = 0. What is the units digit of v?
5
Let d(j) = -j**3 + 6*j + 3. Let a be d(-4). Suppose a + 182 = 9*c. What is the tens digit of c?
2
Let k be (-28*3/(-6))/2. Suppose 0 = -9*x + k*x + 6. Suppose 0 = -x*f + 138 - 18. What is the tens digit of f?
4
Let v(d) = d**3 + 12*d**2 + 6. Let j be v(-12). Suppose -j = -2*m + 8. What is the units digit of m?
7
Let g = -27 + 62. Let w be 7/((-196)/(-8))*21. Suppose c = w*c - g. What is the units digit of c?
7
Suppose -5*n - 3*w = -4*n - 200, 2*n - 397 = -3*w. Let a = n + -135. What is the units digit of a?
2
Let q(y) = 8*y - 22. Let c(s) = -9*s + 23. Let m(r) = -4*c(r) - 5*q(r). What is the tens digit of m(-8)?
5
Suppose -8*d + 4*d = -2352. Let n be 1/(-4) - d/(-48). What is the units digit of (-150)/9*n/(-8)?
5
Let l(r) = 3*r**3 - 3*r**2 + 4*r + 3. Let m(o) = -2*o**3 + o**2 - 2*o - 2. Let u(b) = 3*l(b) + 5*m(b). What is the tens digit of u(-5)?
1
Suppose 3*m = m. Suppose -3*a - 4*d = -5, -2*d = -0*d + 2. Suppose 2*f - a*t - 63 = 0, -3*f + t = -m*t - 112. What is the tens digit of f?
3
Suppose a = 2*a + 2*t + 22, -2*a - 3*t - 47 = 0. Let r = 69 + a. What is the units digit of -2 - (0/4 - 